{"id":934,"date":"2025-08-09T14:54:52","date_gmt":"2025-08-09T14:54:52","guid":{"rendered":"https:\/\/handsforhorses.se\/?page_id=934"},"modified":"2026-01-17T13:45:59","modified_gmt":"2026-01-17T13:45:59","slug":"dryneedling-2","status":"publish","type":"page","link":"https:\/\/handsforhorses.se\/?page_id=934&lang=de","title":{"rendered":"Dry Needling"},"content":{"rendered":"\n<p>Opus divinum est sedare dolorem (Es ist g\u00f6ttlich den Schmerz zu lindern)<\/p>\n\n\n\n<p>Claudius Galen (130 \u2013 201 n.Chr.)<\/p>\n\n\n\n<p>Kurz gesagt kann man Dry Needling als eine Behandlungsmethode beschreiben, bei der d\u00fcnne Nadeln an bestimmten Punkten in die Muskeln gestochen werden. Das Ziel ist, Verspannungen, Schmerzen oder Verh\u00e4rtungen in den Muskeln zu lindern. Es \u00e4hnelt der Akupunktur, wird aber haupts\u00e4chlich bei Verspannungen und Muskelschmerzen eingesetzt.<\/p>\n\n\n\n<p>Neben der Behandlung von Stresspunkten nach J. Meagher mit direktem Druck, Friktion und rhythmischem dr\u00fccken \u00fcber den gesamten Muskel ist die Anwendung von Akupunkturnadeln zur Behandlung von Triggerpunkten, die sich in der Muskulatur entwickelt haben, auch bei Pferden bekannt geworden.<\/p>\n\n\n\n<p>Mehr durch Zufall wurde dann festgestellt, dass es gar nicht n\u00f6tig war, derartige Substanzen zu verwenden, sondern es reichte, eine Nadel (zu-erst Injektionsnadeln, erst sp\u00e4ter Akupunkturnadeln) in oder zun\u00e4chst, um den gefundenen Trigger zu stechen. <br>Dies scheint bis heute die wichtigste Methode zu sein, Trigger-Punkte wirksam aufzul\u00f6sen und dem betroffenen Muskel wieder seine urspr\u00fcngliche, uneingeschr\u00e4nkte Funktion zur\u00fcckzugeben.<\/p>\n\n\n\n<p>Die Nadeln werden auf und um den Triggerpunkt herum verschiedene Male zum Teil tief intramuskul\u00e4r gestochen.<br>Als wichtigster Effekt ist das Erzeugen eines lokalen &#8221;Twitches&#8221; anzusehen. <\/p>\n\n\n\n<p>Nachfolgend einige Bildbeispiele, wie es aussieht, wenn man Dry Needling bei einem Pferd anwendet.<\/p>\n\n\n\n<figure class=\"wp-block-image size-large\"><img loading=\"lazy\" decoding=\"async\" width=\"1024\" height=\"683\" src=\"https:\/\/handsforhorses.se\/wp-content\/uploads\/2025\/08\/IMG_2438-1024x683.jpg\" alt=\"\" class=\"wp-image-922\" srcset=\"https:\/\/handsforhorses.se\/wp-content\/uploads\/2025\/08\/IMG_2438-1024x683.jpg 1024w, https:\/\/handsforhorses.se\/wp-content\/uploads\/2025\/08\/IMG_2438-300x200.jpg 300w, https:\/\/handsforhorses.se\/wp-content\/uploads\/2025\/08\/IMG_2438-768x512.jpg 768w, https:\/\/handsforhorses.se\/wp-content\/uploads\/2025\/08\/IMG_2438-1536x1024.jpg 1536w, https:\/\/handsforhorses.se\/wp-content\/uploads\/2025\/08\/IMG_2438-2048x1365.jpg 2048w, https:\/\/handsforhorses.se\/wp-content\/uploads\/2025\/08\/IMG_2438-480x320.jpg 480w, https:\/\/handsforhorses.se\/wp-content\/uploads\/2025\/08\/IMG_2438-450x300.jpg 450w\" sizes=\"auto, (max-width: 1024px) 100vw, 1024px\" \/><figcaption class=\"wp-element-caption\">DryNeedling an der Kruppe, bei dem man die Lage mehrerer Triggerpunkte verfolgt.<\/figcaption><\/figure>\n\n\n\n<figure class=\"wp-block-image size-large\"><img loading=\"lazy\" decoding=\"async\" width=\"683\" height=\"1024\" src=\"https:\/\/handsforhorses.se\/wp-content\/uploads\/2025\/08\/IMG_2481-683x1024.jpg\" alt=\"\" class=\"wp-image-923\" srcset=\"https:\/\/handsforhorses.se\/wp-content\/uploads\/2025\/08\/IMG_2481-683x1024.jpg 683w, https:\/\/handsforhorses.se\/wp-content\/uploads\/2025\/08\/IMG_2481-200x300.jpg 200w, https:\/\/handsforhorses.se\/wp-content\/uploads\/2025\/08\/IMG_2481-768x1152.jpg 768w, https:\/\/handsforhorses.se\/wp-content\/uploads\/2025\/08\/IMG_2481-1024x1536.jpg 1024w, https:\/\/handsforhorses.se\/wp-content\/uploads\/2025\/08\/IMG_2481-1365x2048.jpg 1365w, https:\/\/handsforhorses.se\/wp-content\/uploads\/2025\/08\/IMG_2481-scaled.jpg 1707w\" sizes=\"auto, (max-width: 683px) 100vw, 683px\" \/><figcaption class=\"wp-element-caption\">Detailbild, wie eine DryNeedling-Nadel gesetzt wird.<\/figcaption><\/figure>\n\n\n\n<p>Zur\u00fcck zu <a href=\"https:\/\/handsforhorses.se\/?page_id=606&amp;lang=de\">Meine angewandten Methoden<\/a><\/p>\n","protected":false},"excerpt":{"rendered":"<p>Opus divinum est sedare dolorem (Es ist g\u00f6ttlich den Schmerz zu lindern) Claudius Galen (130 \u2013 201 n.Chr.) Kurz gesagt kann man Dry Needling als eine Behandlungsmethode beschreiben, bei der d\u00fcnne Nadeln an bestimmten Punkten in die Muskeln gestochen werden. Das Ziel ist, Verspannungen, Schmerzen oder Verh\u00e4rtungen in den Muskeln zu lindern. Es \u00e4hnelt der&hellip; <a class=\"more-link\" href=\"https:\/\/handsforhorses.se\/?page_id=934&#038;lang=de\">L\u00e4s mer <span class=\"screen-reader-text\">Dry Needling<\/span><\/a><\/p>\n","protected":false},"author":2,"featured_media":0,"parent":0,"menu_order":0,"comment_status":"closed","ping_status":"closed","template":"","meta":{"footnotes":""},"class_list":["post-934","page","type-page","status-publish","hentry"],"_links":{"self":[{"href":"https:\/\/handsforhorses.se\/index.php?rest_route=\/wp\/v2\/pages\/934","targetHints":{"allow":["GET"]}}],"collection":[{"href":"https:\/\/handsforhorses.se\/index.php?rest_route=\/wp\/v2\/pages"}],"about":[{"href":"https:\/\/handsforhorses.se\/index.php?rest_route=\/wp\/v2\/types\/page"}],"author":[{"embeddable":true,"href":"https:\/\/handsforhorses.se\/index.php?rest_route=\/wp\/v2\/users\/2"}],"replies":[{"embeddable":true,"href":"https:\/\/handsforhorses.se\/index.php?rest_route=%2Fwp%2Fv2%2Fcomments&post=934"}],"version-history":[{"count":4,"href":"https:\/\/handsforhorses.se\/index.php?rest_route=\/wp\/v2\/pages\/934\/revisions"}],"predecessor-version":[{"id":1014,"href":"https:\/\/handsforhorses.se\/index.php?rest_route=\/wp\/v2\/pages\/934\/revisions\/1014"}],"wp:attachment":[{"href":"https:\/\/handsforhorses.se\/index.php?rest_route=%2Fwp%2Fv2%2Fmedia&parent=934"}],"curies":[{"name":"wp","href":"https:\/\/api.w.org\/{rel}","templated":true}]}}