{"id":71,"date":"2018-09-19T09:32:38","date_gmt":"2018-09-19T09:32:38","guid":{"rendered":"https:\/\/handsforhorses.se\/?page_id=71"},"modified":"2024-01-07T17:51:36","modified_gmt":"2024-01-07T17:51:36","slug":"services-prices","status":"publish","type":"page","link":"https:\/\/handsforhorses.se\/?page_id=71&lang=en","title":{"rendered":"Services &#038; prices"},"content":{"rendered":"<p dir=\"ltr\" data-placeholder=\"\u00d6vers\u00e4ttning\">I offer equine<\/p>\n<p dir=\"ltr\" data-placeholder=\"\u00d6vers\u00e4ttning\">&#8211; equine sportsmassage therapy<br \/>\n&#8211; strain-counterstrain treatments<br \/>\n&#8211; equine fascia trauma release therapy (EFTR<sup>\u00ae<\/sup>)<br \/>\n&#8211; special treatment for horses back pain<br \/>\n&#8211; Myofascial treatments<br \/>\n&#8211; Stresspoint massage after Jack Meagher<br \/>\n&#8211; Kinesiology Tape<\/p>\n<p dir=\"ltr\" data-placeholder=\"\u00d6vers\u00e4ttning\">My service includes even<br \/>\n&#8211; creating a specific trainingsplan for your horse<br \/>\n&#8211; anamnesis<br \/>\n&#8211; analysis of the horse in motion<\/p>\n<p id=\"tw-target-text\" class=\"tw-data-text tw-ta tw-text-small\" dir=\"ltr\" data-placeholder=\"\u00d6vers\u00e4ttning\"><strong>75 EUR<\/strong><\/p>\n<p class=\"tw-data-text tw-ta tw-text-small\" dir=\"ltr\" data-placeholder=\"\u00d6vers\u00e4ttning\"><span lang=\"en\">Milage 10 km: 3 EUR incl. VAT<\/span><\/p>\n<p>I am member of the society for equine sportsmassage therapists (Nordiska H\u00e4stmass\u00f6rers F\u00f6rbundet).<\/p>\n<p><img loading=\"lazy\" decoding=\"async\" class=\"alignnone  wp-image-293\" src=\"https:\/\/handsforhorses.se\/wp-content\/uploads\/2020\/03\/image008-1.jpg\" alt=\"\" width=\"367\" height=\"352\" \/><\/p>\n","protected":false},"excerpt":{"rendered":"<p>I offer equine &#8211; equine sportsmassage therapy &#8211; strain-counterstrain treatments &#8211; equine fascia trauma release therapy (EFTR\u00ae) &#8211; special treatment for horses back pain &#8211; Myofascial treatments &#8211; Stresspoint massage after Jack Meagher &#8211; Kinesiology Tape My service includes even &#8211; creating a specific trainingsplan for your horse &#8211; anamnesis &#8211; analysis of the horse&hellip; <a class=\"more-link\" href=\"https:\/\/handsforhorses.se\/?page_id=71&#038;lang=en\">L\u00e4s mer <span class=\"screen-reader-text\">Services &#038; prices<\/span><\/a><\/p>\n","protected":false},"author":1,"featured_media":0,"parent":0,"menu_order":0,"comment_status":"closed","ping_status":"closed","template":"","meta":{"footnotes":""},"class_list":["post-71","page","type-page","status-publish","hentry"],"_links":{"self":[{"href":"https:\/\/handsforhorses.se\/index.php?rest_route=\/wp\/v2\/pages\/71","targetHints":{"allow":["GET"]}}],"collection":[{"href":"https:\/\/handsforhorses.se\/index.php?rest_route=\/wp\/v2\/pages"}],"about":[{"href":"https:\/\/handsforhorses.se\/index.php?rest_route=\/wp\/v2\/types\/page"}],"author":[{"embeddable":true,"href":"https:\/\/handsforhorses.se\/index.php?rest_route=\/wp\/v2\/users\/1"}],"replies":[{"embeddable":true,"href":"https:\/\/handsforhorses.se\/index.php?rest_route=%2Fwp%2Fv2%2Fcomments&post=71"}],"version-history":[{"count":6,"href":"https:\/\/handsforhorses.se\/index.php?rest_route=\/wp\/v2\/pages\/71\/revisions"}],"predecessor-version":[{"id":565,"href":"https:\/\/handsforhorses.se\/index.php?rest_route=\/wp\/v2\/pages\/71\/revisions\/565"}],"wp:attachment":[{"href":"https:\/\/handsforhorses.se\/index.php?rest_route=%2Fwp%2Fv2%2Fmedia&parent=71"}],"curies":[{"name":"wp","href":"https:\/\/api.w.org\/{rel}","templated":true}]}}